actors of 2412320698?
2, 1206160349
What are the prime factors of 494691752?
2, 19, 557, 5843
List the prime factors of 2349056530.
2, 5, 234905653
What are the prime factors of 130522526?
2, 65261263
List the prime factors of 78453619.
257, 305267
What are the prime factors of 2918426522?
2, 11, 829, 160019
List the prime factors of 3550673377.
29, 409, 299357
What are the prime factors of 9243975?
3, 5, 13, 19, 499
What are the prime factors of 139662816?
2, 3, 1454821
What are the prime factors of 104503896?
2, 3, 7, 17, 12197
List the prime factors of 74824201.
74824201
What are the prime factors of 4025169965?
5, 805033993
What are the prime factors of 87873521?
87873521
List the prime factors of 453213486.
2, 3, 11, 18917
What are the prime factors of 4240635056?
2, 7, 37862813
List the prime factors of 1093622664.
2, 3, 1777, 25643
List the prime factors of 174860272.
2, 487, 22441
What are the prime factors of 171401174?
2, 7, 17, 720173
What are the prime factors of 581665044?
2, 3, 47, 21943
What are the prime factors of 95268277?
13, 23, 29, 10987
What are the prime factors of 316581107?
137, 883, 2617
What are the prime factors of 2436069401?
19, 239, 536461
List the prime factors of 56765942.
2, 47, 603893
What are the prime factors of 47349629?
41, 479, 2411
List the prime factors of 8770381.
19, 461599
List the prime factors of 389142574.
2, 131, 1485277
List the prime factors of 104038814.
2, 11, 4729037
List the prime factors of 231100240.
2, 5, 7, 563, 733
List the prime factors of 54159775.
5, 1087, 1993
What are the prime factors of 2928414945?
3, 5, 195227663
What are the prime factors of 1090864156?
2, 2161, 126199
List the prime factors of 1608002232.
2, 3, 67000093
List the prime factors of 2699438255.
5, 539887651
What are the prime factors of 351323287?
7, 43, 166741
What are the prime factors of 1659154915?
5, 11, 30166453
What are the prime factors of 550671953?
13, 71, 596611
What are the prime factors of 751551689?
7, 41, 89, 29423
List the prime factors of 455837.
23, 19819
List the prime factors of 195110069.
7, 11, 19, 193, 691
What are the prime factors of 259719579?
3, 7, 1123, 3671
What are the prime factors of 617375118?
2, 3, 37, 67, 41507
List the prime factors of 37045180.
2, 5, 23, 29, 2777
List the prime factors of 5833566096.
2, 3, 121532627
List the prime factors of 78655936.
2, 263, 4673
What are the prime factors of 583708168?
2, 23, 3172327
List the prime factors of 82418367.
3, 31, 151, 5869
What are the prime factors of 5954272670?
2, 5, 853, 698039
What are the prime factors of 280177385?
5, 56035477
List the prime factors of 31470937.
61, 515917
List the prime factors of 189976024.
2, 7, 379, 8951
List the prime factors of 5976899402.
2, 11497, 259933
What are the prime factors of 199569679?
199569679
List the prime factors of 63598726.
2, 23, 809, 1709
List the prime factors of 1374089.
23, 59743
List the prime factors of 5971087641.
3, 34157, 58271
List the prime factors of 483188685.
3, 5, 7, 659, 6983
List the prime factors of 278923569.
3, 92974523
List the prime factors of 25053205.
5, 103, 48647
List the prime factors of 7135495946.
2, 107, 2777, 12007
List the prime factors of 113397676.
2, 7, 167, 24251
What are the prime factors of 144422000?
2, 5, 72211
What are the prime factors of 414239027?
6599, 62773
What are the prime factors of 145542079?
113, 1287983
List the prime factors of 1077360799.
6353, 169583
List the prime factors of 36287251.
7, 11, 13, 36251
List the prime factors of 1326285667.
7, 189469381
What are the prime factors of 347997581?
43, 8092967
What are the prime factors of 394237085?
5, 11, 71, 100957
List the prime factors of 195359133.
3, 65119711
What are the prime factors of 38915412?
2, 3, 337, 9623
List the prime factors of 1013225793.
3, 31, 10894901
List the prime factors of 1683487048.
2, 210435881
List the prime factors of 1754142016.
2, 11, 19, 199, 659
What are the prime factors of 1282136179?
227, 739, 7643
What are the prime factors of 908280346?
2, 31, 14649683
List the prime factors of 377667481.
1097, 344273
What are the prime factors of 274169958?
2, 3, 45694993
What are the prime factors of 2315406750?
2, 3, 5, 3087209
List the prime factors of 145256399.
41, 3542839
What are the prime factors of 10182234?
2, 3, 1697039
What are the prime factors of 687550391?
11, 37, 811, 2083
What are the prime factors of 25322162?
2, 29, 331, 1319
List the prime factors of 292992089.
13, 61, 97, 293
List the prime factors of 784211454.
2, 3, 13, 3351331
List the prime factors of 1948875961.
19, 1877, 54647
List the prime factors of 1824176017.
9619, 189643
List the prime factors of 34344448.
2, 67079
List the prime factors of 332807240.
2, 5, 23, 361747
What are the prime factors of 6338474?
2, 3169237
List the prime factors of 2731165519.
59, 46290941
List the prime factors of 26789621.
26789621
What are the prime factors of 183605596?
2, 23, 1995713
What are the prime factors of 1210405812?
2, 3, 7, 11, 1309963
List the prime factors of 413909638.
2, 509, 406591
What are the prime factors of 1854479115?
3, 5, 41210647
What are the prime factors of 33765951?
3, 11255317
What are the prime factors of 4046561435?
5, 7, 4159, 27799
List the prime factors of 173460293.
373, 465041
What are the prime factors of 256509036?
2, 3, 7, 89, 11437
List the prime factors of 65330063.
353, 185071
List the prime factors of 618471052.
2, 19, 29, 280613
List the prime factors of 410437850.
2, 5, 8208757
What are the prime factors of 4104990990?
2, 3, 5, 45611011
What are the prime factors of 4542028922?
2, 31, 5647, 12973
List the prime factors of 232173089.
97, 2393537
List the prime factors of 5219018390.
2, 5, 863, 604753
List the prime factors of 31283338.
2, 15641669
What are the prime factors of 667359733?
667359733
List the prime factors of 3961744685.
5, 17, 59, 789979
List the prime factors of 634792092.
2, 3, 11, 59, 81509
What are the prime factors of 638093409?
3, 29, 7334407
What are the prime factors of 51026182?
2, 37, 167, 4129
What are the prime factors of 551545686?
2, 3, 97, 35099
List the prime factors of 496909169.
199, 557, 4483
List the prime factors of 18578467.
17, 1092851
What are the prime factors of 755654496?
2, 3, 53, 148517
List the prime factors of 5253615016.
2, 13, 50515529
What are the prime factors of 37144386?
2, 3, 31, 22189
List the prime factors of 4805007640.
2, 5, 120125191
What are the prime factors of 3470710729?
43, 80714203
List the prime factors of 5678175523.
263, 21590021
List the prime factors of 34107307.
13, 2623639
List the prime factors of 1802406747.
3, 19, 641, 49331
List the prime factors of 42396316.
2, 131, 80909
What are the prime factors of 84914046?
2, 3, 7, 673921
What are the prime factors of 4782306588?
2, 3, 47, 8479267
What are the prime factors of 387070019?
7, 55295717
What are the prime factors of 538238344?
2, 7, 73, 2687
What are the prime factors of 68722476?
2, 3, 5726873
List the prime factors of 26165765.
5, 5233153
List the prime factors of 376930434.
2, 3, 62821739
What are the prime factors of 83593962?
2, 3, 89, 52181
What are the prime factors of 2449468364?
2, 7, 87481013
What are the prime factors of 358806902?
2, 179403451
List the prime factors of 68791688.
2, 7, 113, 1553
List the prime factors of 245342628.
2, 3, 547, 4153
What are the prime factors of 214728776?
2, 509, 52733
List the prime factors of 70375864.
2, 13, 43, 15737
List the prime factors of 5590544.
2, 349409
List the prime factors of 33219003.
3, 17, 313, 2081
What are the prime factors of 358233009?
3, 119411003
What are the prime factors of 45440760?
2, 3, 5, 107, 3539
What are the prime factors of 2967418336?
2, 419, 221317
List the prime factors of 105191107.
7, 79, 223, 853
List the prime factors of 874669897.
874669897
List the prime factors of 555822769.
17, 37, 883661
What are the prime factors of 3546689113?
11, 293, 601, 1831
List the prime factors of 275314179.
3, 7, 3347, 3917
What are the prime factors of 2840578828?
2, 11173, 63559
List the prime factors of 84566249.
97, 871817
List the prime factors of 100048209.
3, 503, 66301
What are the prime factors of 894328210?
2, 5, 89432821
What are the prime fact